{"id":8,"date":"2020-12-18T10:12:19","date_gmt":"2020-12-18T09:12:19","guid":{"rendered":"http:\/\/localhost\/eat-and-yoga\/?page_id=8"},"modified":"2020-12-23T13:50:08","modified_gmt":"2020-12-23T12:50:08","slug":"contact","status":"publish","type":"page","link":"https:\/\/karugrafik.fr\/eat-and-yoga\/contact\/","title":{"rendered":"Contact"},"content":{"rendered":"\t\t<div data-elementor-type=\"wp-page\" data-elementor-id=\"8\" class=\"elementor elementor-8\" data-elementor-settings=\"[]\">\n\t\t\t\t\t\t<div class=\"elementor-inner\">\n\t\t\t\t\t\t\t<div class=\"elementor-section-wrap\">\n\t\t\t\t\t\t\t<section class=\"elementor-section elementor-top-section elementor-element elementor-element-97811df elementor-section-boxed elementor-section-height-default elementor-section-height-default\" data-id=\"97811df\" data-element_type=\"section\">\n\t\t\t\t\t\t<div class=\"elementor-container elementor-column-gap-default\">\n\t\t\t\t\t\t\t<div class=\"elementor-row\">\n\t\t\t\t\t<div class=\"elementor-column elementor-col-100 elementor-top-column elementor-element elementor-element-360bf50f\" data-id=\"360bf50f\" data-element_type=\"column\">\n\t\t\t<div class=\"elementor-column-wrap elementor-element-populated\">\n\t\t\t\t\t\t\t<div class=\"elementor-widget-wrap\">\n\t\t\t\t\t\t<div class=\"elementor-element elementor-element-345b92e3 elementor-widget elementor-widget-text-editor\" data-id=\"345b92e3\" data-element_type=\"widget\" data-widget_type=\"text-editor.default\">\n\t\t\t\t<div class=\"elementor-widget-container\">\n\t\t\t\t\t<div class=\"elementor-text-editor elementor-clearfix\"><div data-colibri-id=\"8-c1\" class=\"style-376 style-local-8-c1 position-relative\">\n  <!---->\n<\/div><\/div>\n\t\t\t\t<\/div>\n\t\t\t\t<\/div>\n\t\t\t\t\t\t<\/div>\n\t\t\t\t\t<\/div>\n\t\t<\/div>\n\t\t\t\t\t\t\t\t<\/div>\n\t\t\t\t\t<\/div>\n\t\t<\/section>\n\t\t\t\t<section class=\"elementor-section elementor-top-section elementor-element elementor-element-bc1feaf elementor-section-boxed elementor-section-height-default elementor-section-height-default\" data-id=\"bc1feaf\" data-element_type=\"section\">\n\t\t\t\t\t\t<div class=\"elementor-container elementor-column-gap-default\">\n\t\t\t\t\t\t\t<div class=\"elementor-row\">\n\t\t\t\t\t<div class=\"elementor-column elementor-col-100 elementor-top-column elementor-element elementor-element-6865004\" data-id=\"6865004\" data-element_type=\"column\">\n\t\t\t<div class=\"elementor-column-wrap elementor-element-populated\">\n\t\t\t\t\t\t\t<div class=\"elementor-widget-wrap\">\n\t\t\t\t\t\t<div class=\"elementor-element elementor-element-b9b4ae1 elementor-view-framed elementor-shape-circle elementor-invisible elementor-widget elementor-widget-icon\" data-id=\"b9b4ae1\" data-element_type=\"widget\" data-settings=\"{&quot;_animation&quot;:&quot;bounceIn&quot;}\" data-widget_type=\"icon.default\">\n\t\t\t\t<div class=\"elementor-widget-container\">\n\t\t\t\t\t<div class=\"elementor-icon-wrapper\">\n\t\t\t<div class=\"elementor-icon\">\n\t\t\t<svg xmlns=\"http:\/\/www.w3.org\/2000\/svg\" xmlns:xlink=\"http:\/\/www.w3.org\/1999\/xlink\" id=\"Calque_1\" x=\"0px\" y=\"0px\" width=\"300px\" height=\"300px\" viewBox=\"0 0 300 300\" xml:space=\"preserve\">\n<g>\n\t<path fill=\"#0BA6DE\" d=\"M170.902,62.422c0,11.572-9.379,20.958-20.958,20.958c-11.578,0-20.958-9.386-20.958-20.958   c0-11.577,9.38-20.957,20.958-20.957C161.523,41.465,170.902,50.846,170.902,62.422z\"><\/path>\n\t<path fill=\"#0BA6DE\" d=\"M283.42,117.325c-5.815-0.476-20.382-1.839-41.527,3.783c-2.676-21.814-8.678-38.762-16.116-56.846   c-29.612,10.39-56.17,27.723-75.832,47.113c-19.662-19.391-46.219-36.724-75.831-47.113c-7.438,18.084-13.441,35.032-16.117,56.846   c-22.712-5.95-35.71-4.258-41.527-3.783c-6.254,32.897-1.478,70.271,18.583,97.622c28.401,38.709,73.455,41.665,96.705,45.044   c-9.752-9.453-31.861-34.299-36.552-40.42c-0.014-0.015-0.086-0.096-0.086-0.096h0.01c-20.848-27.221-27.416-55.712-25.896-88.965   c0.313-6.832,1.554-13.73,2.557-18.784l0.017,0.008c2.069-10.768,5.17-21.425,9.146-31.897c11.191,4.791,37.71,17.68,60.808,40.549   c-8.607,9.781-15.778,20.217-21.41,31.177c0,0-16.269-14.656-41.771-23.617c-0.448,4.262-0.592,8.754-0.457,13.02   c37.21,16.125,62.095,44.063,71.631,60.18c7.96-10.413,13.239-18.58,25.251-29.718c2.219,6.041,3.973,12.252,5.252,18.563   c-3.718,5.96-15.874,24.515-30.313,36.479c-14.438-11.965-26.595-30.52-30.312-36.479c0.663-3.273,1.237-6.203,2.154-9.412   c-2.853-2.836-6.443-5.87-10.051-8.717c-2.391,7.233-3.645,13.491-4.906,20.4c14.5,26.482,30.538,39.557,42.925,49.57   c13.107-10.419,31.279-25.706,43.306-49.57c-5.525-31.389-24.002-58.383-29.203-64.988c-2.964,2.876-5.968,5.954-8.511,8.887   c5.759,7.481,10.651,15.313,14.611,23.432c-7.371,6.479-13.982,13.46-20.013,21.121c-6.031-7.661-12.642-14.643-20.013-21.121   c9.62-19.718,26.853-39.269,35.026-45.605c0.001-0.001,0.002-0.001,0.003-0.002c21.288-18.902,43.875-29.826,53.977-34.15   c5.813,15.313,9.544,30.35,11.121,44.845c-16.211,5.552-30.588,13.011-43.951,22.315c1.991,3.364,3.845,7.305,5.428,11.072   c11.92-8.498,29.546-17.996,45.219-22.77c14.325-4.364,29.498-6.417,36.239-6.417c1.454,12.941,3.289,49.893-17.964,78.864   c-12.134,16.538-29.946,27.974-53.125,34.141c17.156-17.647,40.697-50.729,41.181-99.601c-4.099,1.164-8.41,2.511-12.248,3.958   c-1.14,31.887-12.469,55.466-26.075,73.23h0.009c-0.929,1.049-21.836,26.169-36.638,40.516c23.25-3.379,68.304-6.335,96.706-45.044   C284.898,187.597,289.675,150.222,283.42,117.325z M97.985,241.888c-23.178-6.167-40.991-17.603-53.124-34.141   c-21.253-28.972-19.419-65.923-17.965-78.864c0.086,0,0.176,0,0.262,0c8.826,0,19.043,1.559,29.798,4.544   C54.457,187.187,79.811,223.192,97.985,241.888z\"><\/path>\n<\/g>\n<\/svg>\t\t\t<\/div>\n\t\t<\/div>\n\t\t\t\t<\/div>\n\t\t\t\t<\/div>\n\t\t\t\t<div class=\"elementor-element elementor-element-78425b5 elementor-widget elementor-widget-heading\" data-id=\"78425b5\" data-element_type=\"widget\" data-widget_type=\"heading.default\">\n\t\t\t\t<div class=\"elementor-widget-container\">\n\t\t\t<h2 class=\"elementor-heading-title elementor-size-default\">CONTACT<\/h2>\t\t<\/div>\n\t\t\t\t<\/div>\n\t\t\t\t<div class=\"elementor-element elementor-element-db41711 elementor-widget elementor-widget-spacer\" data-id=\"db41711\" data-element_type=\"widget\" data-widget_type=\"spacer.default\">\n\t\t\t\t<div class=\"elementor-widget-container\">\n\t\t\t\t\t<div class=\"elementor-spacer\">\n\t\t\t<div class=\"elementor-spacer-inner\"><\/div>\n\t\t<\/div>\n\t\t\t\t<\/div>\n\t\t\t\t<\/div>\n\t\t\t\t\t\t<\/div>\n\t\t\t\t\t<\/div>\n\t\t<\/div>\n\t\t\t\t\t\t\t\t<\/div>\n\t\t\t\t\t<\/div>\n\t\t<\/section>\n\t\t\t\t<section class=\"elementor-section elementor-top-section elementor-element elementor-element-b49ac62 elementor-section-boxed elementor-section-height-default elementor-section-height-default\" data-id=\"b49ac62\" data-element_type=\"section\">\n\t\t\t\t\t\t<div class=\"elementor-container elementor-column-gap-default\">\n\t\t\t\t\t\t\t<div class=\"elementor-row\">\n\t\t\t\t\t<div class=\"elementor-column elementor-col-50 elementor-top-column elementor-element elementor-element-c3132ca\" data-id=\"c3132ca\" data-element_type=\"column\">\n\t\t\t<div class=\"elementor-column-wrap elementor-element-populated\">\n\t\t\t\t\t\t\t<div class=\"elementor-widget-wrap\">\n\t\t\t\t\t\t<div class=\"elementor-element elementor-element-5bddc38 elementor-widget elementor-widget-heading\" data-id=\"5bddc38\" data-element_type=\"widget\" data-widget_type=\"heading.default\">\n\t\t\t\t<div class=\"elementor-widget-container\">\n\t\t\t<h4 class=\"elementor-heading-title elementor-size-default\">\u00c9tapes de la prise de rendez-vous <\/h4>\t\t<\/div>\n\t\t\t\t<\/div>\n\t\t\t\t<div class=\"elementor-element elementor-element-c4aada2 elementor-widget elementor-widget-text-editor\" data-id=\"c4aada2\" data-element_type=\"widget\" data-widget_type=\"text-editor.default\">\n\t\t\t\t<div class=\"elementor-widget-container\">\n\t\t\t\t\t<div class=\"elementor-text-editor elementor-clearfix\"><p>1. Remplissez le formulaire ci-dessous&nbsp;<\/p>\n<p>2. Une fois le mail re\u00e7u, nous vous contacterons afin de fixer le rendez-vous et les modalit\u00e9s de celui-ci.<\/p>\n<p>En cas d\u2019emp\u00eachement, le rendez-vous peut \u00eatre annul\u00e9 jusqu\u2019\u00e0 48 heures avant le d\u00e9but de la consultation.<\/p>\n<p>Au-del\u00e0, la consultation sera factur\u00e9e.<\/p><\/div>\n\t\t\t\t<\/div>\n\t\t\t\t<\/div>\n\t\t\t\t\t\t<\/div>\n\t\t\t\t\t<\/div>\n\t\t<\/div>\n\t\t\t\t<div class=\"elementor-column elementor-col-50 elementor-top-column elementor-element elementor-element-5d1d725\" data-id=\"5d1d725\" data-element_type=\"column\">\n\t\t\t<div class=\"elementor-column-wrap elementor-element-populated\">\n\t\t\t\t\t\t\t<div class=\"elementor-widget-wrap\">\n\t\t\t\t\t\t<div class=\"elementor-element elementor-element-104ee02 elementor-widget elementor-widget-text-editor\" data-id=\"104ee02\" data-element_type=\"widget\" data-widget_type=\"text-editor.default\">\n\t\t\t\t<div class=\"elementor-widget-container\">\n\t\t\t\t\t<div class=\"elementor-text-editor elementor-clearfix\"><p>Frais de d\u00e9placement pour les consultations \u00e0 votre domicile (en fonction des km effectu\u00e9s).<\/p><p>Paiements possibles : Paylib, virement, ch\u00e8que, esp\u00e8ce en fonction du type de consultation choisi (\u00e0 distance ou \u00e0 domicile).<\/p><p>Tout au long du processus de prise en charge, nous sommes disponibles 7j\/7 par message WhatsApp pour r\u00e9pondre \u00e0 vos questions.<\/p><\/div>\n\t\t\t\t<\/div>\n\t\t\t\t<\/div>\n\t\t\t\t\t\t<\/div>\n\t\t\t\t\t<\/div>\n\t\t<\/div>\n\t\t\t\t\t\t\t\t<\/div>\n\t\t\t\t\t<\/div>\n\t\t<\/section>\n\t\t\t\t<section class=\"elementor-section elementor-top-section elementor-element elementor-element-a836bb7 elementor-section-boxed elementor-section-height-default elementor-section-height-default\" data-id=\"a836bb7\" data-element_type=\"section\">\n\t\t\t\t\t\t<div class=\"elementor-container elementor-column-gap-default\">\n\t\t\t\t\t\t\t<div class=\"elementor-row\">\n\t\t\t\t\t<div class=\"elementor-column elementor-col-100 elementor-top-column elementor-element elementor-element-a91d62f\" data-id=\"a91d62f\" data-element_type=\"column\">\n\t\t\t<div class=\"elementor-column-wrap elementor-element-populated\">\n\t\t\t\t\t\t\t<div class=\"elementor-widget-wrap\">\n\t\t\t\t\t\t<div class=\"elementor-element elementor-element-6ae82d8 elementor-widget elementor-widget-spacer\" data-id=\"6ae82d8\" data-element_type=\"widget\" data-widget_type=\"spacer.default\">\n\t\t\t\t<div class=\"elementor-widget-container\">\n\t\t\t\t\t<div class=\"elementor-spacer\">\n\t\t\t<div class=\"elementor-spacer-inner\"><\/div>\n\t\t<\/div>\n\t\t\t\t<\/div>\n\t\t\t\t<\/div>\n\t\t\t\t<div class=\"elementor-element elementor-element-a9e8727 elementor-button-align-stretch elementor-widget elementor-widget-form\" data-id=\"a9e8727\" data-element_type=\"widget\" data-settings=\"{&quot;step_next_label&quot;:&quot;Next&quot;,&quot;step_previous_label&quot;:&quot;Previous&quot;,&quot;button_width&quot;:&quot;100&quot;,&quot;step_type&quot;:&quot;number_text&quot;,&quot;step_icon_shape&quot;:&quot;circle&quot;}\" data-widget_type=\"form.default\">\n\t\t\t\t<div class=\"elementor-widget-container\">\n\t\t\t\t\t<form class=\"elementor-form\" method=\"post\" name=\"New Form\">\n\t\t\t<input type=\"hidden\" name=\"post_id\" value=\"8\"\/>\n\t\t\t<input type=\"hidden\" name=\"form_id\" value=\"a9e8727\"\/>\n\n\t\t\t\n\t\t\t<div class=\"elementor-form-fields-wrapper elementor-labels-above\">\n\t\t\t\t\t\t\t\t<div class=\"elementor-field-type-text elementor-field-group elementor-column elementor-field-group-name elementor-col-50\">\n\t\t\t\t\t<input size=\"1\" type=\"text\" name=\"form_fields[name]\" id=\"form-field-name\" class=\"elementor-field elementor-size-sm  elementor-field-textual\" placeholder=\"Name\">\t\t\t\t<\/div>\n\t\t\t\t\t\t\t\t<div class=\"elementor-field-type-email elementor-field-group elementor-column elementor-field-group-email elementor-col-50 elementor-field-required\">\n\t\t\t\t\t<input size=\"1\" type=\"email\" name=\"form_fields[email]\" id=\"form-field-email\" class=\"elementor-field elementor-size-sm  elementor-field-textual\" placeholder=\"Email\" required=\"required\" aria-required=\"true\">\t\t\t\t<\/div>\n\t\t\t\t\t\t\t\t<div class=\"elementor-field-type-textarea elementor-field-group elementor-column elementor-field-group-message elementor-col-100\">\n\t\t\t\t\t<textarea class=\"elementor-field-textual elementor-field  elementor-size-sm\" name=\"form_fields[message]\" id=\"form-field-message\" rows=\"4\" placeholder=\"Message\"><\/textarea>\t\t\t\t<\/div>\n\t\t\t\t\t\t\t\t<div class=\"elementor-field-group elementor-column elementor-field-type-submit elementor-col-100 e-form__buttons\">\n\t\t\t\t\t<button type=\"submit\" class=\"elementor-button elementor-size-sm\">\n\t\t\t\t\t\t<span >\n\t\t\t\t\t\t\t\t\t\t\t\t\t\t\t<span class=\" elementor-button-icon\">\n\t\t\t\t\t\t\t\t\t\t\t\t\t\t\t\t\t\t\t\t\t\t\t\t\t\t<\/span>\n\t\t\t\t\t\t\t\t\t\t\t\t\t\t\t\t\t\t\t\t\t\t<span class=\"elementor-button-text\">Send<\/span>\n\t\t\t\t\t\t\t\t\t\t\t\t\t<\/span>\n\t\t\t\t\t<\/button>\n\t\t\t\t<\/div>\n\t\t\t<\/div>\n\t\t<\/form>\n\t\t\t\t<\/div>\n\t\t\t\t<\/div>\n\t\t\t\t<div class=\"elementor-element elementor-element-4b729f0 elementor-widget elementor-widget-spacer\" data-id=\"4b729f0\" data-element_type=\"widget\" data-widget_type=\"spacer.default\">\n\t\t\t\t<div class=\"elementor-widget-container\">\n\t\t\t\t\t<div class=\"elementor-spacer\">\n\t\t\t<div class=\"elementor-spacer-inner\"><\/div>\n\t\t<\/div>\n\t\t\t\t<\/div>\n\t\t\t\t<\/div>\n\t\t\t\t\t\t<\/div>\n\t\t\t\t\t<\/div>\n\t\t<\/div>\n\t\t\t\t\t\t\t\t<\/div>\n\t\t\t\t\t<\/div>\n\t\t<\/section>\n\t\t\t\t<section class=\"elementor-section elementor-top-section elementor-element elementor-element-ed73747 elementor-section-boxed elementor-section-height-default elementor-section-height-default\" data-id=\"ed73747\" data-element_type=\"section\">\n\t\t\t\t\t\t<div class=\"elementor-container elementor-column-gap-default\">\n\t\t\t\t\t\t\t<div class=\"elementor-row\">\n\t\t\t\t\t<div class=\"elementor-column elementor-col-100 elementor-top-column elementor-element elementor-element-006c572\" data-id=\"006c572\" data-element_type=\"column\">\n\t\t\t<div class=\"elementor-column-wrap elementor-element-populated\">\n\t\t\t\t\t\t\t<div class=\"elementor-widget-wrap\">\n\t\t\t\t\t\t<div class=\"elementor-element elementor-element-9f87b29 elementor-widget elementor-widget-google_maps\" data-id=\"9f87b29\" data-element_type=\"widget\" data-widget_type=\"google_maps.default\">\n\t\t\t\t<div class=\"elementor-widget-container\">\n\t\t\t<div class=\"elementor-custom-embed\"><iframe frameborder=\"0\" scrolling=\"no\" marginheight=\"0\" marginwidth=\"0\" src=\"https:\/\/maps.google.com\/maps?q=lens&amp;t=m&amp;z=10&amp;output=embed&amp;iwloc=near\" title=\"lens\" aria-label=\"lens\"><\/iframe><\/div>\t\t<\/div>\n\t\t\t\t<\/div>\n\t\t\t\t<div class=\"elementor-element elementor-element-caac972 elementor-widget elementor-widget-text-editor\" data-id=\"caac972\" data-element_type=\"widget\" data-widget_type=\"text-editor.default\">\n\t\t\t\t<div class=\"elementor-widget-container\">\n\t\t\t\t\t<div class=\"elementor-text-editor elementor-clearfix\"><p>Aur\u00e9lie : +33 625 25 25 25 \u2022 Cl\u00e9ment :&nbsp;<span style=\"font-weight: var( --e-global-typography-text-font-weight );\">+33 626 26 26 26<\/span><\/p><\/div>\n\t\t\t\t<\/div>\n\t\t\t\t<\/div>\n\t\t\t\t<div class=\"elementor-element elementor-element-a15ad69 elementor-widget elementor-widget-spacer\" data-id=\"a15ad69\" data-element_type=\"widget\" data-widget_type=\"spacer.default\">\n\t\t\t\t<div class=\"elementor-widget-container\">\n\t\t\t\t\t<div class=\"elementor-spacer\">\n\t\t\t<div class=\"elementor-spacer-inner\"><\/div>\n\t\t<\/div>\n\t\t\t\t<\/div>\n\t\t\t\t<\/div>\n\t\t\t\t<div class=\"elementor-element elementor-element-6bf209e elementor-widget elementor-widget-image\" data-id=\"6bf209e\" data-element_type=\"widget\" data-widget_type=\"image.default\">\n\t\t\t\t<div class=\"elementor-widget-container\">\n\t\t\t\t\t<div class=\"elementor-image\">\n\t\t\t\t\t\t\t\t\t\t<img decoding=\"async\" src=\"http:\/\/karugrafik.fr\/eat-and-yoga\/wp-content\/uploads\/2020\/12\/benjamin-child-rOn57CBgyMo-unsplash-1-scaled.jpg\" title=\"\" alt=\"\" \/>\t\t\t\t\t\t\t\t\t\t\t<\/div>\n\t\t\t\t<\/div>\n\t\t\t\t<\/div>\n\t\t\t\t\t\t<\/div>\n\t\t\t\t\t<\/div>\n\t\t<\/div>\n\t\t\t\t\t\t\t\t<\/div>\n\t\t\t\t\t<\/div>\n\t\t<\/section>\n\t\t\t\t\t\t<\/div>\n\t\t\t\t\t\t<\/div>\n\t\t\t\t\t<\/div>\n\t\t","protected":false},"excerpt":{"rendered":"<p>CONTACT \u00c9tapes de la prise de rendez-vous 1. Remplissez le formulaire ci-dessous&nbsp; 2. Une fois le mail re\u00e7u, nous vous contacterons afin de fixer le rendez-vous et les modalit\u00e9s de celui-ci. En cas d\u2019emp\u00eachement, le rendez-vous peut \u00eatre annul\u00e9 jusqu\u2019\u00e0 48 heures avant le d\u00e9but de la consultation. Au-del\u00e0, la consultation sera factur\u00e9e.Frais de d\u00e9placement [&hellip;]<\/p>\n","protected":false},"author":1,"featured_media":0,"parent":0,"menu_order":0,"comment_status":"closed","ping_status":"closed","template":"","meta":{"footnotes":""},"_links":{"self":[{"href":"https:\/\/karugrafik.fr\/eat-and-yoga\/wp-json\/wp\/v2\/pages\/8"}],"collection":[{"href":"https:\/\/karugrafik.fr\/eat-and-yoga\/wp-json\/wp\/v2\/pages"}],"about":[{"href":"https:\/\/karugrafik.fr\/eat-and-yoga\/wp-json\/wp\/v2\/types\/page"}],"author":[{"embeddable":true,"href":"https:\/\/karugrafik.fr\/eat-and-yoga\/wp-json\/wp\/v2\/users\/1"}],"replies":[{"embeddable":true,"href":"https:\/\/karugrafik.fr\/eat-and-yoga\/wp-json\/wp\/v2\/comments?post=8"}],"version-history":[{"count":20,"href":"https:\/\/karugrafik.fr\/eat-and-yoga\/wp-json\/wp\/v2\/pages\/8\/revisions"}],"predecessor-version":[{"id":1054,"href":"https:\/\/karugrafik.fr\/eat-and-yoga\/wp-json\/wp\/v2\/pages\/8\/revisions\/1054"}],"wp:attachment":[{"href":"https:\/\/karugrafik.fr\/eat-and-yoga\/wp-json\/wp\/v2\/media?parent=8"}],"curies":[{"name":"wp","href":"https:\/\/api.w.org\/{rel}","templated":true}]}}